 and 96?
6
Calculate the greatest common divisor of 11819 and 424.
53
Calculate the highest common factor of 680391 and 102.
51
Calculate the greatest common factor of 7089 and 1807.
139
What is the greatest common factor of 690 and 20970?
30
What is the greatest common divisor of 399380 and 70?
10
What is the highest common factor of 77 and 24409?
77
What is the greatest common factor of 9495 and 6840?
45
What is the highest common factor of 32424 and 1407?
21
Calculate the highest common divisor of 37755 and 135.
45
Calculate the highest common factor of 9344 and 1241.
73
What is the greatest common factor of 3843434 and 798?
266
Calculate the greatest common factor of 590197 and 19.
19
What is the greatest common factor of 326 and 1457383?
163
What is the greatest common divisor of 1090 and 430?
10
What is the greatest common divisor of 338 and 1274?
26
What is the greatest common factor of 215 and 245?
5
Calculate the highest common divisor of 18952 and 8.
8
Calculate the greatest common factor of 20320 and 160.
160
What is the greatest common divisor of 491148 and 378?
126
Calculate the greatest common factor of 4 and 33844.
4
What is the greatest common factor of 5071 and 127236?
461
What is the highest common factor of 162897 and 42?
21
Calculate the greatest common divisor of 564 and 2285516.
188
What is the greatest common divisor of 278533 and 142?
71
Calculate the greatest common factor of 618392 and 680.
136
What is the greatest common factor of 114825 and 555?
15
Calculate the highest common divisor of 18035 and 10.
5
What is the greatest common divisor of 2354 and 817694?
214
What is the greatest common divisor of 122 and 631594?
122
Calculate the highest common divisor of 31 and 11384099.
31
Calculate the highest common divisor of 646 and 175389.
323
What is the greatest common factor of 1261754 and 26?
26
What is the greatest common factor of 14 and 40194?
14
What is the highest common divisor of 107560 and 440?
40
Calculate the greatest common divisor of 1220416 and 128.
64
What is the highest common divisor of 96 and 270896?
16
Calculate the greatest common divisor of 740038 and 169.
13
What is the greatest common divisor of 2 and 13318?
2
Calculate the highest common factor of 3763 and 1378.
53
Calculate the highest common factor of 1177293 and 195.
39
Calculate the highest common factor of 486166 and 1422.
158
Calculate the highest common divisor of 942578 and 364.
182
Calculate the highest common factor of 17 and 164186.
17
What is the highest common divisor of 67 and 16817?
67
What is the greatest common divisor of 37901 and 1208?
151
What is the greatest common divisor of 1558 and 78584?
38
What is the greatest common factor of 594599 and 856?
107
Calculate the greatest common divisor of 876159 and 1005.
201
What is the greatest common factor of 14800 and 350?
50
What is the highest common factor of 15425 and 3475?
25
Calculate the greatest common factor of 407283 and 1047.
1047
What is the greatest common factor of 51513 and 1512?
21
Calculate the greatest common divisor of 415 and 112382.
83
Calculate the greatest common factor of 100257 and 23.
23
What is the greatest common factor of 195 and 168945?
15
Calculate the highest common divisor of 2977 and 52.
13
Calculate the highest common divisor of 6 and 2433666.
6
What is the greatest common factor of 398 and 2591975?
199
What is the highest common factor of 15725 and 7242?
17
What is the highest common factor of 9 and 117567?
9
What is the highest common factor of 3973 and 2349?
29
Calculate the highest common factor of 1376 and 3956.
172
Calculate the greatest common divisor of 108408 and 888.
24
Calculate the highest common divisor of 45 and 6714.
9
What is the greatest common divisor of 354 and 534?
6
Calculate the highest common divisor of 5346 and 4521.
33
Calculate the highest common factor of 166038 and 6.
6
Calculate the greatest common divisor of 17199 and 2352.
147
What is the greatest common divisor of 260963 and 163?
163
What is the greatest common factor of 147587 and 55?
11
Calculate the greatest common divisor of 469 and 91.
7
What is the highest common factor of 152592 and 648?
24
What is the greatest common factor of 5463 and 837?
9
Calculate the greatest common factor of 1272 and 102078.
318
What is the greatest common divisor of 1178 and 646?
38
What is the highest common divisor of 5819 and 313168?
529
Calculate the highest common factor of 246940 and 40.
20
Calculate the greatest common divisor of 358 and 71600.
358
What is the highest common factor of 4263 and 27579?
87
Calculate the highest common divisor of 129 and 50095.
43
What is the highest common factor of 607450 and 50?
50
What is the greatest common divisor of 22278 and 1410?
282
Calculate the highest common factor of 178 and 159488.
178
Calculate the greatest common divisor of 35 and 665623.
7
What is the greatest common factor of 15 and 35835?
15
Calculate the highest common factor of 144 and 47628.
36
Calculate the greatest common divisor of 671 and 7991.
61
Calculate the greatest common factor of 4160 and 10660.
260
Calculate the greatest common factor of 351 and 5211.
27
What is the greatest common factor of 2403 and 1701?
27
Calculate the greatest common factor of 6348 and 2280.
12
What is the greatest common divisor of 732405 and 810?
15
What is the greatest common factor of 70584 and 34?
34
What is the greatest common factor of 23 and 5911?
23
Calculate the highest common factor of 962 and 466.
2
Calculate the greatest common factor of 834860 and 10.
10
Calculate the highest common divisor of 13670 and 12160.
10
What is the greatest common divisor of 509 and 4084725?
509
What is the highest common divisor of 1591 and 86?
43
Calculate the highest common factor of 650 and 239005.
65
Calculate the highest common divisor of 5796 and 598.
46
What is the greatest common factor of 493 and 22610?
17
What is the highest common factor of 7540119 and 37?
37
Calculate the highest common factor of 250 and 220625.
125
Calculate the greatest common divisor of 67 and 1030594.
67
What is the highest common factor of 42 and 853713?
21
What is the highest common divisor of 2872 and 3352?
8
What is the greatest common factor of 8770 and 215?
5
Calculate the highest common factor of 519858 and 9.
9
Calculate the highest common divisor of 888 and 312.
24
What is the highest common factor of 39353 and 174?
29
What is the highest common factor of 1764245 and 171?
19
Calculate the highest common divisor of 204 and 9648.
12
Calculate the highest common divisor of 366384 and 1088.
272
Calculate the highest common divisor of 165341 and 1661.
11
What is the highest common factor of 43332 and 69?
69
Calculate the greatest common divisor of 170348 and 111.
37
Calculate the greatest common factor of 21 and 19117.
7
Calculate the greatest common factor of 144 and 15426.
18
What is the greatest common divisor of 262656 and 1024?
512
What is the greatest common factor of 85 and 1142825?
85
Calculate the greatest common factor of 660642 and 2781.
309
Calculate the greatest common divisor of 1064 and 30352.
56
What is the highest common divisor of 18 and 333783?
9
Calculate the greatest common factor of 212 and 4088.
4
What is the greatest common factor of 6549 and 37701?
177
What is the highest common factor of 26352 and 128?
16
Calculate the greatest common factor of 207 and 1084243.
23
What is the greatest common factor of 75459 and 3?
3
What is the highest common factor of 16335 and 405?
135
Calculate the highest common divisor of 28 and 5244.
4
Calculate the highest common factor of 119168 and 245.
49
What is the greatest common factor of 17404 and 418?
38
What is the highest common divisor of 336 and 75?
3
Calculate the highest common divisor of 299236 and 28.
28
What is the highest common factor of 38285 and 15655?
155
What is the highest common divisor of 50 and 19872500?
50
Calculate the greatest common divisor of 3973084 and 124.
124
Calculate the greatest common divisor of 19060 and 35.
5
What is the greatest common factor of 3496647 and 42?
21
What is the greatest common factor of 364 and 26104?
52
What is the greatest common divisor of 2085 and 1790320?
695
What is the greatest common divisor of 4